{"id":10,"date":"2015-12-28T10:33:11","date_gmt":"2015-12-28T10:33:11","guid":{"rendered":"http:\/\/inoa.si\/wordpress\/?page_id=10"},"modified":"2021-11-18T12:26:57","modified_gmt":"2021-11-18T11:26:57","slug":"domov","status":"publish","type":"page","link":"https:\/\/inoa.si\/wordpress\/index.php\/domov\/","title":{"rendered":"Domov"},"content":{"rendered":"<p><\/p>\n<p style=\"text-align: center;\"><span style=\"color: #003300;\">Inoa: poslovno svetovanje za inovativne organizacije<\/span><\/p>\n<p style=\"text-align: center;\"><span style=\"color: #008000;\">s storitvami svetovanja&nbsp; &nbsp;<\/span><br \/>\n<span style=\"color: #008000;\"> soustvarjamo inovativna in prodorna okolja,<\/span><br \/>\n<span style=\"color: #008000;\"> ki temeljijo na&nbsp;prepoznavanju in razvoju<\/span><br \/>\n<span style=\"color: #008000;\"> \u010dlove\u0161kih potencialov.<\/span><\/p>\n<p style=\"text-align: justify;\"><span style=\"color: #000000;\">Kako prebuditi inovativni potencial podjetij, grozdov in regij? Kako izbolj\u0161ati rezultate poslovanja, blaginjo in kakovost \u017eivljenja ljudi? In nenazadnje, kako pritegniti ustvarjalne in podjetne posameznike, da bodo aktivno prispevali k uspe\u0161nemu delovanju in trajnostnemu razvoju celotne regije, grozda, podjetja, zavoda ali druge organizacije? To so vpra\u0161anja, ki jih zastavljajo dinami\u010dni udele\u017eenci razvoja v razli\u010dnih okoljih. Inoa d.o.o. s storitvami poslovnega svetovanja soustvarja inovativna in prodorna poslovna okolja, ki temeljijo na prepoznavanju in razvoju notranjih potencialov ljudi v organizacijah.<\/span><\/p>\n<p><img loading=\"lazy\" decoding=\"async\" class=\"wp-image-531 aligncenter\" src=\"http:\/\/inoa.si\/wordpress\/wp-content\/uploads\/2015\/12\/IMG_0011-1-1024x903.jpg\" alt=\"IMG_0011\" width=\"455\" height=\"401\" srcset=\"https:\/\/inoa.si\/wordpress\/wp-content\/uploads\/2015\/12\/IMG_0011-1-1024x903.jpg 1024w, https:\/\/inoa.si\/wordpress\/wp-content\/uploads\/2015\/12\/IMG_0011-1-300x265.jpg 300w, https:\/\/inoa.si\/wordpress\/wp-content\/uploads\/2015\/12\/IMG_0011-1-768x677.jpg 768w, https:\/\/inoa.si\/wordpress\/wp-content\/uploads\/2015\/12\/IMG_0011-1-620x547.jpg 620w, https:\/\/inoa.si\/wordpress\/wp-content\/uploads\/2015\/12\/IMG_0011-1.jpg 1042w\" sizes=\"auto, (max-width: 455px) 100vw, 455px\" \/><\/p>\n<p><span style=\"color: #000000;\">Svoje naro\u010dnike podpiramo v razvojnem dialogu na razli\u010dnih ravneh z namenom priprave strategij, razvoja posameznih pobud in projektov ter priprave akcijskih na\u010drtov na \u0161iroki paleti podro\u010dij, ki vplivajo na razvoj organizacij (razvoj novih proizvodov, storitev in trgov, inovativnost, tr\u017eenje, mre\u017eenje, internacionalizacija, razvoj \u010dlove\u0161kih virov, optimizacija procesov idr.).<\/span><\/p>\n<p><img loading=\"lazy\" decoding=\"async\" class=\"alignnone size-large wp-image-529 aligncenter\" src=\"http:\/\/inoa.si\/wordpress\/wp-content\/uploads\/2015\/12\/IMG_0014-1024x535.jpg\" alt=\"IMG_0014\" width=\"620\" height=\"324\" srcset=\"https:\/\/inoa.si\/wordpress\/wp-content\/uploads\/2015\/12\/IMG_0014-1024x535.jpg 1024w, https:\/\/inoa.si\/wordpress\/wp-content\/uploads\/2015\/12\/IMG_0014-300x157.jpg 300w, https:\/\/inoa.si\/wordpress\/wp-content\/uploads\/2015\/12\/IMG_0014-768x401.jpg 768w, https:\/\/inoa.si\/wordpress\/wp-content\/uploads\/2015\/12\/IMG_0014-620x324.jpg 620w, https:\/\/inoa.si\/wordpress\/wp-content\/uploads\/2015\/12\/IMG_0014.jpg 1972w\" sizes=\"auto, (max-width: 620px) 100vw, 620px\" \/><\/p>\n<p style=\"text-align: justify;\"><span style=\"color: #000000;\">Svetovalci Inoe d.o.o. so posebej kvalificirani za analizo, usposabljanje, mentorstvo in motivacijo podjetnikov, mened\u017eerjev, raziskovalcev, javnih uslu\u017ebencev in drugih nosilcev razvoja pri doseganju razvojnega preboja. Pri svojem delu uporabljamo \u0161tevilne tehnike spodbujanja ustvarjalnosti in inovacij ter smo usposobljeni za vzpostavljanje kakovostnega razvojnega dialoga znotraj organizacij kot tudi izven njih, vklju\u010dno z dialogom med zasebnim in javnim sektorjem. Na\u0161e delovanje je usmerjeno v konkretne akcije z merljivimi u\u010dinki.<\/span><\/p>\n<p>Med na\u0161imi referencami so \u0161tevilna doma\u010da in tuja podjetja in druge organizacije. Izvajamo projekte po naro\u010dilu mednarodnih razvojnih institucij (Svetovna banka, Medameri\u0161ka razvojna banka, EU, UNDP idr.). Razpon na\u0161ih izku\u0161enj sega na ve\u010d kontinentov, v zadnjih letih zlasti na podro\u010dju trajnostnega razvoja.<\/p>","protected":false},"excerpt":{"rendered":"<p>Inoa: poslovno svetovanje za inovativne organizacije s storitvami svetovanja&nbsp; &nbsp; soustvarjamo inovativna in prodorna okolja, ki temeljijo na&nbsp;prepoznavanju in razvoju \u010dlove\u0161kih potencialov. Kako prebuditi inovativni potencial podjetij, grozdov in regij? Kako izbolj\u0161ati rezultate poslovanja, blaginjo in kakovost \u017eivljenja ljudi? In nenazadnje, kako pritegniti ustvarjalne in podjetne posameznike, da bodo aktivno prispevali k uspe\u0161nemu delovanju in [&hellip;]<\/p>\n","protected":false},"author":1,"featured_media":0,"parent":0,"menu_order":0,"comment_status":"closed","ping_status":"closed","template":"","meta":{"ngg_post_thumbnail":0,"footnotes":""},"class_list":["post-10","page","type-page","status-publish","hentry"],"_links":{"self":[{"href":"https:\/\/inoa.si\/wordpress\/index.php\/wp-json\/wp\/v2\/pages\/10","targetHints":{"allow":["GET"]}}],"collection":[{"href":"https:\/\/inoa.si\/wordpress\/index.php\/wp-json\/wp\/v2\/pages"}],"about":[{"href":"https:\/\/inoa.si\/wordpress\/index.php\/wp-json\/wp\/v2\/types\/page"}],"author":[{"embeddable":true,"href":"https:\/\/inoa.si\/wordpress\/index.php\/wp-json\/wp\/v2\/users\/1"}],"replies":[{"embeddable":true,"href":"https:\/\/inoa.si\/wordpress\/index.php\/wp-json\/wp\/v2\/comments?post=10"}],"version-history":[{"count":82,"href":"https:\/\/inoa.si\/wordpress\/index.php\/wp-json\/wp\/v2\/pages\/10\/revisions"}],"predecessor-version":[{"id":1273,"href":"https:\/\/inoa.si\/wordpress\/index.php\/wp-json\/wp\/v2\/pages\/10\/revisions\/1273"}],"wp:attachment":[{"href":"https:\/\/inoa.si\/wordpress\/index.php\/wp-json\/wp\/v2\/media?parent=10"}],"curies":[{"name":"wp","href":"https:\/\/api.w.org\/{rel}","templated":true}]}}