{"id":37,"date":"2015-12-28T11:32:04","date_gmt":"2015-12-28T10:32:04","guid":{"rendered":"http:\/\/inoa.si\/wordpress\/?page_id=37"},"modified":"2021-12-27T12:18:30","modified_gmt":"2021-12-27T11:18:30","slug":"nacionalne-politike","status":"publish","type":"page","link":"https:\/\/inoa.si\/wordpress\/index.php\/nacionalne-politike\/","title":{"rendered":"Razvojne politike"},"content":{"rendered":"<p><\/p>\n<p style=\"text-align: justify;\">Kako lahko nacionalne vlade ob konsistentnem delovanju ministrstev in drugih institucij kar najbolje prispevajo k pove\u010danju konkuren\u010dnosti podjetij, spodbujanju inovativnosti in ustvarjanju okolja, ki bo prispevalo k blaginji in kakovosti \u017eivljenja ljudi? Svetovalci Inoe smo specializirani za vodenje kakovostnega razvojnega dialoga med javnim in zasebnim sektorjem z namenom priprave nacionalnih politik in strategij, ki so usmerjene v prakti\u010dno izvedbo in trajnostne rezultate.<\/p>\n<p style=\"text-align: justify;\"><strong>REFERENCE<\/strong><\/p>\n<p style=\"text-align: justify;\"><strong>Industrijska politika Republike Makedonije 2009-2020.<br \/>\n(Naro\u010dnik: Ministrstvo za gospodarstvo Republike Makedonije).<br \/>\n<\/strong>Svetovalka Inoe, Tadeja Colnar Leskov\u0161ek je v okviru projekta Svetovne banke vodila pripravo Industrijske politike Republike Makedonije.&nbsp; Industrijska politika, ki jo je junija 2009 sprejela makedonska Vlada, obsega ukrepe makedonske vlade za pove\u010danje inovativnosti gospodarstva, internacionalizacijo in tuje neposredne nalo\u017ebe, trajnostni razvoj, razvoj malih in srednje velikih podjetij ter spodbujanje grozdov.<\/p>\n<p style=\"text-align: justify;\"><strong>Nacionalna strategija in akcijski na\u010drt razvoja obrti Republike Makedonije<br \/>\n(Naro\u010dnik: Ministrstvo za gospodarstvo Republike Makedonije, 2010-2011).<br \/>\n<\/strong>Makedonija ima bogato tradicijo rokodelske in obrtni\u0161ke dejavnosti, ki v zadnjih desetletjih izgublja svoj konkuren\u010dni naboj. Inoa je vodila konzorcij podjetij, v katerem so sodelovali \u0161e ameri\u0161ko podjetje ETG, Obrtno-podjetni\u0161ka zbornica Se\u017eana in makedonski NCDIEL, pri pripravi nacionalne strategije za pove\u010danje konkuren\u010dnosti makedonske obrti. Strategija in akcijski na\u010drt sta usmerjena v dve klju\u010dni podro\u010dji nadaljnjega razvoja makedonske obrti:<br \/>\n1. kulturni turizem in<br \/>\n2. moderna, inovativna obrtni\u0161ka podjetja.<\/p>\n<p style=\"text-align: justify;\"><strong>Nacionalni program spodbujanja konkuren\u010dnosti Republike Surinam<br \/>\nNaro\u010dnik: Ministrstvo za trgovino in industrijo Republike Surinam (2009-2012)<\/strong><\/p>\n<p style=\"text-align: justify;\"><img loading=\"lazy\" decoding=\"async\" class=\"alignnone wp-image-259 size-full\" src=\"http:\/\/inoa.si\/wordpress\/wp-content\/uploads\/2015\/12\/168192247_orig1.jpg\" alt=\"168192247_orig[1]\" width=\"960\" height=\"200\" srcset=\"https:\/\/inoa.si\/wordpress\/wp-content\/uploads\/2015\/12\/168192247_orig1.jpg 960w, https:\/\/inoa.si\/wordpress\/wp-content\/uploads\/2015\/12\/168192247_orig1-300x63.jpg 300w, https:\/\/inoa.si\/wordpress\/wp-content\/uploads\/2015\/12\/168192247_orig1-768x160.jpg 768w\" sizes=\"auto, (max-width: 960px) 100vw, 960px\" \/><\/p>\n<p style=\"text-align: justify;\">Surinam, nekdanja nizozemska kolonija, je dr\u017eava, ki se vse uspe\u0161neje uveljavlja v dru\u017ebi karibskih dr\u017eav, povezanih v CARICOM. Bogati naravni viri omogo\u010dajo hitro rast gospodarstva, vendar se vlada in surinamski poslovni forum (Suriname Business Forum) zavedata, da je prihodnost Surinama predvsem v razvoju izdelkov in storitev z vi\u0161jo dodano vrednostjo.<\/p>\n<p style=\"text-align: justify;\">V sodelovanju z ameri\u0161kim podjetjem ETG so svetovalci Inoe vodili pripravo Nacionalnega programa konkuren\u010dnosti, ki temelji na razvoju znanja, spodbujanju grozdenja in internacionalizaciji.&nbsp;Posebno pozornost smo namenili razvoju grozdov na podro\u010dju trajnostnega kmetijstva in turizma.<\/p>\n<p><\/p>","protected":false},"excerpt":{"rendered":"<p>Kako lahko nacionalne vlade ob konsistentnem delovanju ministrstev in drugih institucij kar najbolje prispevajo k pove\u010danju konkuren\u010dnosti podjetij, spodbujanju inovativnosti in ustvarjanju okolja, ki bo prispevalo k blaginji in kakovosti \u017eivljenja ljudi? Svetovalci Inoe smo specializirani za vodenje kakovostnega razvojnega dialoga med javnim in zasebnim sektorjem z namenom priprave nacionalnih politik in strategij, ki so [&hellip;]<\/p>\n","protected":false},"author":1,"featured_media":0,"parent":0,"menu_order":4,"comment_status":"closed","ping_status":"closed","template":"","meta":{"ngg_post_thumbnail":0,"footnotes":""},"class_list":["post-37","page","type-page","status-publish","hentry"],"_links":{"self":[{"href":"https:\/\/inoa.si\/wordpress\/index.php\/wp-json\/wp\/v2\/pages\/37","targetHints":{"allow":["GET"]}}],"collection":[{"href":"https:\/\/inoa.si\/wordpress\/index.php\/wp-json\/wp\/v2\/pages"}],"about":[{"href":"https:\/\/inoa.si\/wordpress\/index.php\/wp-json\/wp\/v2\/types\/page"}],"author":[{"embeddable":true,"href":"https:\/\/inoa.si\/wordpress\/index.php\/wp-json\/wp\/v2\/users\/1"}],"replies":[{"embeddable":true,"href":"https:\/\/inoa.si\/wordpress\/index.php\/wp-json\/wp\/v2\/comments?post=37"}],"version-history":[{"count":29,"href":"https:\/\/inoa.si\/wordpress\/index.php\/wp-json\/wp\/v2\/pages\/37\/revisions"}],"predecessor-version":[{"id":1282,"href":"https:\/\/inoa.si\/wordpress\/index.php\/wp-json\/wp\/v2\/pages\/37\/revisions\/1282"}],"wp:attachment":[{"href":"https:\/\/inoa.si\/wordpress\/index.php\/wp-json\/wp\/v2\/media?parent=37"}],"curies":[{"name":"wp","href":"https:\/\/api.w.org\/{rel}","templated":true}]}}